What are the prime factors of 9380453?
9380453
What are the prime factors of 8735116?
2, 13, 173, 971
List the prime factors of 37927348.
2, 71, 83, 1609
What are the prime factors of 374942?
2, 187471
List the prime factors of 236629.
43, 5503
What are the prime factors of 214083?
3, 881
What are the prime factors of 3060749?
3060749
What are the prime factors of 16550879?
16550879
List the prime factors of 5566962.
2, 3, 19, 47, 1039
List the prime factors of 6053789.
7, 173, 4999
What are the prime factors of 506837?
506837
List the prime factors of 12308623.
12308623
List the prime factors of 19912930.
2, 5, 1991293
List the prime factors of 287049.
3, 7, 13669
What are the prime factors of 163464?
2, 3, 7, 139
List the prime factors of 973719.
3, 108191
What are the prime factors of 94083?
3, 11, 2851
What are the prime factors of 12422968?
2, 1552871
What are the prime factors of 446141?
446141
What are the prime factors of 15150693?
3, 137, 191, 193
What are the prime factors of 1650568?
2, 19, 10859
What are the prime factors of 80533?
29, 2777
List the prime factors of 13891828.
2, 3472957
What are the prime factors of 134025?
3, 5, 1787
List the prime factors of 1126816.
2, 23, 1531
List the prime factors of 315258.
2, 3, 52543
What are the prime factors of 634332?
2, 3, 52861
List the prime factors of 187905.
3, 5, 12527
List the prime factors of 330807.
3, 110269
What are the prime factors of 160817?
160817
List the prime factors of 12583.
12583
List the prime factors of 362418.
2, 3, 7, 8629
List the prime factors of 32205668.
2, 11, 101, 7247
What are the prime factors of 2351192?
2, 293899
What are the prime factors of 397411?
7, 56773
List the prime factors of 2625788.
2, 11, 83, 719
List the prime factors of 162770.
2, 5, 41, 397
What are the prime factors of 153506?
2, 76753
List the prime factors of 747504.
2, 3, 29, 179
What are the prime factors of 2292633?
3, 7, 151, 241
List the prime factors of 2602399.
2602399
List the prime factors of 1451.
1451
List the prime factors of 209992.
2, 26249
What are the prime factors of 3817899?
3, 191, 2221
List the prime factors of 8823506.
2, 769, 5737
List the prime factors of 11445721.
7, 53, 30851
What are the prime factors of 17156509?
79, 2749
What are the prime factors of 1338778?
2, 7, 19, 719
What are the prime factors of 215495?
5, 7, 47, 131
What are the prime factors of 540716?
2, 11, 12289
List the prime factors of 475412.
2, 7, 16979
What are the prime factors of 7095143?
11, 645013
List the prime factors of 9907030.
2, 5, 7, 141529
List the prime factors of 5512939.
23, 281, 853
What are the prime factors of 7089502?
2, 7, 506393
List the prime factors of 6464403.
3, 11, 17, 23, 167
List the prime factors of 70029.
3, 31, 251
What are the prime factors of 2851484?
2, 151, 4721
What are the prime factors of 190284?
2, 3, 101, 157
List the prime factors of 137971.
281, 491
List the prime factors of 16948262.
2, 2179, 3889
What are the prime factors of 143432?
2, 17929
List the prime factors of 29678296.
2, 73, 89, 571
List the prime factors of 3127478.
2, 1563739
What are the prime factors of 10114809?
3, 941, 3583
What are the prime factors of 3055184?
2, 11, 17359
List the prime factors of 1213441.
179, 6779
What are the prime factors of 2862699?
3, 7, 136319
What are the prime factors of 7977501?
3, 7, 42209
What are the prime factors of 780370?
2, 5, 73, 1069
List the prime factors of 33209688.
2, 3, 1383737
What are the prime factors of 525810?
2, 3, 5, 17, 1031
What are the prime factors of 7237220?
2, 5, 73, 4957
List the prime factors of 342457.
31, 11047
List the prime factors of 10486815.
3, 5, 61, 73, 157
What are the prime factors of 8741866?
2, 7, 624419
List the prime factors of 6757674.
2, 3, 7, 11, 14627
List the prime factors of 1440731.
1440731
List the prime factors of 1108566.
2, 3, 2281
What are the prime factors of 26424856?
2, 103, 32069
What are the prime factors of 13976?
2, 1747
List the prime factors of 3633524.
2, 908381
List the prime factors of 762016.
2, 23813
What are the prime factors of 126938?
2, 7, 9067
What are the prime factors of 54812?
2, 71, 193
What are the prime factors of 2594724?
2, 3, 11, 1787
What are the prime factors of 729310?
2, 5, 72931
List the prime factors of 2531408.
2, 11, 19, 757
List the prime factors of 10401.
3, 3467
List the prime factors of 580360.
2, 5, 11, 1319
List the prime factors of 5917458.
2, 3, 541, 1823
What are the prime factors of 1013651?
439, 2309
List the prime factors of 737391.
3, 271, 907
What are the prime factors of 1507056?
2, 3, 31397
What are the prime factors of 208453?
7, 97, 307
List the prime factors of 405468.
2, 3, 7, 1609
What are the prime factors of 169800?
2, 3, 5, 283
List the prime factors of 552382.
2, 276191
List the prime factors of 38540733.
3, 7, 11, 166843
List the prime factors of 1439888.
2, 31, 2903
List the prime factors of 142731.
3, 15859
List the prime factors of 29804.
2, 7451
What are the prime factors of 1681618?
2, 59, 14251
List the prime factors of 1763119.
541, 3259
List the prime factors of 3870250.
2, 5, 113, 137
What are the prime factors of 973416?
2, 3, 40559
List the prime factors of 491398.
2, 277, 887
List the prime factors of 9064986.
2, 3, 7, 215833
List the prime factors of 1796447.
151, 11897
List the prime factors of 7957067.
19, 418793
List the prime factors of 16270862.
2, 449, 18119
List the prime factors of 10651369.
23, 463103
List the prime factors of 353980.
2, 5, 11, 1609
List the prime factors of 16325676.
2, 3, 23, 19717
What are the prime factors of 69120?
2, 3, 5
List the prime factors of 16676453.
167, 99859
What are the prime factors of 13399?
13399
List the prime factors of 44389.
44389
List the prime factors of 540344.
2, 7, 9649
What are the prime factors of 229380?
2, 3, 5, 3823
List the prime factors of 16235927.
16235927
What are the prime factors of 413675?
5, 16547
What are the prime factors of 22046454?
2, 3, 479, 2557
List the prime factors of 27363.
3, 7, 1303
List the prime factors of 1165570.
2, 5, 7, 16651
List the prime factors of 186551.
186551
List the prime factors of 4278272.
2, 2089
List the prime factors of 590081.
71, 8311
List the prime factors of 523606.
2, 97, 2699
What are the prime factors of 730527?
3, 7, 43, 809
What are the prime factors of 1117841?
937, 1193
What are the prime factors of 2536148?
2, 83, 7639
What are the prime factors of 293456?
2, 18341
List the prime factors of 4816360.
2, 5, 347
What are the prime factors of 3876209?
19, 31, 6581
List the prime factors of 90410.
2, 5, 9041
List the prime factors of 15539773.
31, 137, 3659
List the prime factors of 19279886.
2, 37, 260539
List the prime factors of 13425472.
2, 89, 2357
List the prime factors of 36770.
2, 5, 3677
What are the prime factors of 5763862?
2, 13, 41, 5407
List the prime factors of 125008.
2, 13, 601
List the prime factors of 192419.
317, 607
What are the prime factors of 197519?
7, 29, 139
What are the prime factors of 14123323?
241, 58603
What are the prime factors of 67730?
2, 5, 13, 521
List the prime factors of 3505635.
3, 5, 7, 31, 359
List the prime factors of 17226108.
2, 3, 79, 673
List the prime factors of 218208.
2, 3, 2273
List the prime factors of 941496.
2, 3, 39229
List the prime factors of 221213.
157, 1409
What are the prime factors of 7822191?
3, 13, 200569
List the prime factors of 129311.
7, 13, 29
What are the prime factors of 15791901?
3, 349, 15083
List the prime factors of 157831.
157831
What are the prime factors of 16537130?
2, 5, 439, 3767
What are the prime factors of 5450212?
2, 41, 167, 199
What are the prime factors of 2972793?
3, 139, 7129
What are the prime factors of 1410129?
3, 7, 829
What are the prime factors of 779132?
2, 109, 1787
What are the prime factors of 8987106?
2, 3, 1497851
List the prime factors of 7458532.
2, 23, 81071
List the prime factors of 3830043.
3, 7, 271, 673
What are the prime factors of 6652780?
2, 5, 17, 1151
What are the prime factors of 205680?
2, 3, 5, 857
List the prime factors of 296998.
2, 13, 11423
List the prime factors of 4591906.
2, 11, 31, 6733
List the prime factors of 2823133.
2823133
List the prime factors of 186859.
186859
List the prime fac